[INFO] fetching crate cntr 1.1.2...
[INFO] checking cntr-1.1.2 against master#af3c6e733a40e671550e0f0f5aeecaa13772ba56 for pr-74989
[INFO] extracting crate cntr 1.1.2 into /workspace/builds/worker-9/source
[INFO] validating manifest of crates.io crate cntr 1.1.2 on toolchain af3c6e733a40e671550e0f0f5aeecaa13772ba56
[INFO] running `Command { std: "/workspace/cargo-home/bin/cargo" "+af3c6e733a40e671550e0f0f5aeecaa13772ba56" "read-manifest" "--manifest-path" "Cargo.toml", kill_on_drop: false }`
[INFO] started tweaking crates.io crate cntr 1.1.2
[INFO] finished tweaking crates.io crate cntr 1.1.2
[INFO] tweaked toml for crates.io crate cntr 1.1.2 written to /workspace/builds/worker-9/source/Cargo.toml
[INFO] running `Command { std: "/workspace/cargo-home/bin/cargo" "+af3c6e733a40e671550e0f0f5aeecaa13772ba56" "generate-lockfile" "--manifest-path" "Cargo.toml" "-Zno-index-update", kill_on_drop: false }`
[INFO] [stderr]     Blocking waiting for file lock on package cache
[INFO] running `Command { std: "/workspace/cargo-home/bin/cargo" "+af3c6e733a40e671550e0f0f5aeecaa13772ba56" "fetch" "--locked" "--manifest-path" "Cargo.toml", kill_on_drop: false }`
[INFO] running `Command { std: "docker" "create" "-v" "/var/lib/crater-agent-workspace/builds/worker-9/target:/opt/rustwide/target:rw,Z" "-v" "/var/lib/crater-agent-workspace/builds/worker-9/source:/opt/rustwide/workdir:ro,Z" "-v" "/var/lib/crater-agent-workspace/cargo-home:/opt/rustwide/cargo-home:ro,Z" "-v" "/var/lib/crater-agent-workspace/rustup-home:/opt/rustwide/rustup-home:ro,Z" "-e" "SOURCE_DIR=/opt/rustwide/workdir" "-e" "CARGO_TARGET_DIR=/opt/rustwide/target" "-e" "CARGO_HOME=/opt/rustwide/cargo-home" "-e" "RUSTUP_HOME=/opt/rustwide/rustup-home" "-w" "/opt/rustwide/workdir" "-m" "1610612736" "--user" "0:0" "--network" "none" "rustops/crates-build-env@sha256:d92eaeed33fa75130ca1ee6c8a01d1ffb62bac859dfdfb3450e3e5d1c0146529" "/opt/rustwide/cargo-home/bin/cargo" "+af3c6e733a40e671550e0f0f5aeecaa13772ba56" "metadata" "--no-deps" "--format-version=1", kill_on_drop: false }`
[INFO] [stdout] bde435c85f62377eda76deeb3413591a3f90b0887655cc70beaff4e042bd8ca4
[INFO] [stderr] WARNING: Your kernel does not support swap limit capabilities or the cgroup is not mounted. Memory limited without swap.
[INFO] running `Command { std: "docker" "start" "-a" "bde435c85f62377eda76deeb3413591a3f90b0887655cc70beaff4e042bd8ca4", kill_on_drop: false }`
[INFO] running `Command { std: "docker" "inspect" "bde435c85f62377eda76deeb3413591a3f90b0887655cc70beaff4e042bd8ca4", kill_on_drop: false }`
[INFO] running `Command { std: "docker" "rm" "-f" "bde435c85f62377eda76deeb3413591a3f90b0887655cc70beaff4e042bd8ca4", kill_on_drop: false }`
[INFO] [stdout] bde435c85f62377eda76deeb3413591a3f90b0887655cc70beaff4e042bd8ca4
[INFO] running `Command { std: "docker" "create" "-v" "/var/lib/crater-agent-workspace/builds/worker-9/target:/opt/rustwide/target:rw,Z" "-v" "/var/lib/crater-agent-workspace/builds/worker-9/source:/opt/rustwide/workdir:ro,Z" "-v" "/var/lib/crater-agent-workspace/cargo-home:/opt/rustwide/cargo-home:ro,Z" "-v" "/var/lib/crater-agent-workspace/rustup-home:/opt/rustwide/rustup-home:ro,Z" "-e" "SOURCE_DIR=/opt/rustwide/workdir" "-e" "CARGO_TARGET_DIR=/opt/rustwide/target" "-e" "CARGO_INCREMENTAL=0" "-e" "RUST_BACKTRACE=full" "-e" "RUSTFLAGS=--cap-lints=forbid" "-e" "CARGO_HOME=/opt/rustwide/cargo-home" "-e" "RUSTUP_HOME=/opt/rustwide/rustup-home" "-w" "/opt/rustwide/workdir" "-m" "1610612736" "--user" "0:0" "--network" "none" "rustops/crates-build-env@sha256:d92eaeed33fa75130ca1ee6c8a01d1ffb62bac859dfdfb3450e3e5d1c0146529" "/opt/rustwide/cargo-home/bin/cargo" "+af3c6e733a40e671550e0f0f5aeecaa13772ba56" "check" "--frozen" "--all" "--all-targets" "--message-format=json", kill_on_drop: false }`
[INFO] [stdout] 843a280e1a189ebaba4cb720dc360827347235d79762ec138690a1042f86dbbe
[INFO] [stderr] WARNING: Your kernel does not support swap limit capabilities or the cgroup is not mounted. Memory limited without swap.
[INFO] running `Command { std: "docker" "start" "-a" "843a280e1a189ebaba4cb720dc360827347235d79762ec138690a1042f86dbbe", kill_on_drop: false }`
[INFO] [stderr]    Compiling libc v0.2.77
[INFO] [stderr]    Compiling maybe-uninit v2.0.0
[INFO] [stderr]    Compiling log v0.4.11
[INFO] [stderr]    Compiling pkg-config v0.3.18
[INFO] [stderr]     Checking remove_dir_all v0.5.3
[INFO] [stderr]     Checking spin v0.4.10
[INFO] [stderr]     Checking void v1.0.2
[INFO] [stderr]     Checking thread-scoped v1.0.2
[INFO] [stderr]     Checking argparse v0.2.2
[INFO] [stderr]     Checking owning_ref v0.3.3
[INFO] [stderr]     Checking concurrent-hashmap v0.2.2
[INFO] [stderr]     Checking smallvec v0.6.13
[INFO] [stderr]     Checking log v0.3.9
[INFO] [stderr]    Compiling cntr-fuse v0.3.6
[INFO] [stderr]     Checking rand v0.4.6
[INFO] [stderr]     Checking time v0.1.44
[INFO] [stderr]     Checking num_cpus v1.13.0
[INFO] [stderr]     Checking cntr-nix v0.10.0-pre1
[INFO] [stdout] error[E0308]: mismatched types
[INFO] [stdout]    --> /opt/rustwide/cargo-home/registry/src/github.com-1ecc6299db9ec823/cntr-nix-0.10.0-pre1/src/macros.rs:197:26
[INFO] [stdout]     |
[INFO] [stdout] 197 |                   $entry = libc::$entry,
[INFO] [stdout]     |                            ^^^^^^^^^^^^ expected `i32`, found `u32`
[INFO] [stdout]     | 
[INFO] [stdout]    ::: /opt/rustwide/cargo-home/registry/src/github.com-1ecc6299db9ec823/cntr-nix-0.10.0-pre1/src/sys/resource.rs:6:1
[INFO] [stdout]     |
[INFO] [stdout] 6   | / libc_enum!{
[INFO] [stdout] 7   | |     #[repr(i32)]
[INFO] [stdout] 8   | |     pub enum Resource {
[INFO] [stdout] 9   | |         RLIMIT_AS,
[INFO] [stdout] ...   |
[INFO] [stdout] 35  | |     }
[INFO] [stdout] 36  | | }
[INFO] [stdout]     | |_- in this macro invocation
[INFO] [stdout]     |
[INFO] [stdout]     = note: this error originates in a macro (in Nightly builds, run with -Z macro-backtrace for more info)
[INFO] [stdout] 
[INFO] [stdout] 
[INFO] [stdout] error[E0308]: mismatched types
[INFO] [stdout]    --> /opt/rustwide/cargo-home/registry/src/github.com-1ecc6299db9ec823/cntr-nix-0.10.0-pre1/src/macros.rs:197:26
[INFO] [stdout]     |
[INFO] [stdout] 197 |                   $entry = libc::$entry,
[INFO] [stdout]     |                            ^^^^^^^^^^^^ expected `i32`, found `u32`
[INFO] [stdout]     | 
[INFO] [stdout]    ::: /opt/rustwide/cargo-home/registry/src/github.com-1ecc6299db9ec823/cntr-nix-0.10.0-pre1/src/sys/resource.rs:6:1
[INFO] [stdout]     |
[INFO] [stdout] 6   | / libc_enum!{
[INFO] [stdout] 7   | |     #[repr(i32)]
[INFO] [stdout] 8   | |     pub enum Resource {
[INFO] [stdout] 9   | |         RLIMIT_AS,
[INFO] [stdout] ...   |
[INFO] [stdout] 35  | |     }
[INFO] [stdout] 36  | | }
[INFO] [stdout]     | |_- in this macro invocation
[INFO] [stdout]     |
[INFO] [stdout]     = note: this error originates in a macro (in Nightly builds, run with -Z macro-backtrace for more info)
[INFO] [stdout] 
[INFO] [stdout] 
[INFO] [stdout] error[E0308]: mismatched types
[INFO] [stdout]    --> /opt/rustwide/cargo-home/registry/src/github.com-1ecc6299db9ec823/cntr-nix-0.10.0-pre1/src/macros.rs:197:26
[INFO] [stdout]     |
[INFO] [stdout] 197 |                   $entry = libc::$entry,
[INFO] [stdout]     |                            ^^^^^^^^^^^^ expected `i32`, found `u32`
[INFO] [stdout]     | 
[INFO] [stdout]    ::: /opt/rustwide/cargo-home/registry/src/github.com-1ecc6299db9ec823/cntr-nix-0.10.0-pre1/src/sys/resource.rs:6:1
[INFO] [stdout]     |
[INFO] [stdout] 6   | / libc_enum!{
[INFO] [stdout] 7   | |     #[repr(i32)]
[INFO] [stdout] 8   | |     pub enum Resource {
[INFO] [stdout] 9   | |         RLIMIT_AS,
[INFO] [stdout] ...   |
[INFO] [stdout] 35  | |     }
[INFO] [stdout] 36  | | }
[INFO] [stdout]     | |_- in this macro invocation
[INFO] [stdout]     |
[INFO] [stdout]     = note: this error originates in a macro (in Nightly builds, run with -Z macro-backtrace for more info)
[INFO] [stdout] 
[INFO] [stdout] 
[INFO] [stdout] error[E0308]: mismatched types
[INFO] [stdout]    --> /opt/rustwide/cargo-home/registry/src/github.com-1ecc6299db9ec823/cntr-nix-0.10.0-pre1/src/macros.rs:197:26
[INFO] [stdout]     |
[INFO] [stdout] 197 |                   $entry = libc::$entry,
[INFO] [stdout]     |                            ^^^^^^^^^^^^ expected `i32`, found `u32`
[INFO] [stdout]     | 
[INFO] [stdout]    ::: /opt/rustwide/cargo-home/registry/src/github.com-1ecc6299db9ec823/cntr-nix-0.10.0-pre1/src/sys/resource.rs:6:1
[INFO] [stdout]     |
[INFO] [stdout] 6   | / libc_enum!{
[INFO] [stdout] 7   | |     #[repr(i32)]
[INFO] [stdout] 8   | |     pub enum Resource {
[INFO] [stdout] 9   | |         RLIMIT_AS,
[INFO] [stdout] ...   |
[INFO] [stdout] 35  | |     }
[INFO] [stdout] 36  | | }
[INFO] [stdout]     | |_- in this macro invocation
[INFO] [stdout]     |
[INFO] [stdout]     = note: this error originates in a macro (in Nightly builds, run with -Z macro-backtrace for more info)
[INFO] [stdout] 
[INFO] [stdout] 
[INFO] [stdout] error[E0308]: mismatched types
[INFO] [stdout]    --> /opt/rustwide/cargo-home/registry/src/github.com-1ecc6299db9ec823/cntr-nix-0.10.0-pre1/src/macros.rs:197:26
[INFO] [stdout]     |
[INFO] [stdout] 197 |                   $entry = libc::$entry,
[INFO] [stdout]     |                            ^^^^^^^^^^^^ expected `i32`, found `u32`
[INFO] [stdout]     | 
[INFO] [stdout]    ::: /opt/rustwide/cargo-home/registry/src/github.com-1ecc6299db9ec823/cntr-nix-0.10.0-pre1/src/sys/resource.rs:6:1
[INFO] [stdout]     |
[INFO] [stdout] 6   | / libc_enum!{
[INFO] [stdout] 7   | |     #[repr(i32)]
[INFO] [stdout] 8   | |     pub enum Resource {
[INFO] [stdout] 9   | |         RLIMIT_AS,
[INFO] [stdout] ...   |
[INFO] [stdout] 35  | |     }
[INFO] [stdout] 36  | | }
[INFO] [stdout]     | |_- in this macro invocation
[INFO] [stdout]     |
[INFO] [stdout]     = note: this error originates in a macro (in Nightly builds, run with -Z macro-backtrace for more info)
[INFO] [stdout] 
[INFO] [stdout] 
[INFO] [stdout] error[E0308]: mismatched types
[INFO] [stdout]    --> /opt/rustwide/cargo-home/registry/src/github.com-1ecc6299db9ec823/cntr-nix-0.10.0-pre1/src/macros.rs:197:26
[INFO] [stdout]     |
[INFO] [stdout] 197 |                   $entry = libc::$entry,
[INFO] [stdout]     |                            ^^^^^^^^^^^^ expected `i32`, found `u32`
[INFO] [stdout]     | 
[INFO] [stdout]    ::: /opt/rustwide/cargo-home/registry/src/github.com-1ecc6299db9ec823/cntr-nix-0.10.0-pre1/src/sys/resource.rs:6:1
[INFO] [stdout]     |
[INFO] [stdout] 6   | / libc_enum!{
[INFO] [stdout] 7   | |     #[repr(i32)]
[INFO] [stdout] 8   | |     pub enum Resource {
[INFO] [stdout] 9   | |         RLIMIT_AS,
[INFO] [stdout] ...   |
[INFO] [stdout] 35  | |     }
[INFO] [stdout] 36  | | }
[INFO] [stdout]     | |_- in this macro invocation
[INFO] [stdout]     |
[INFO] [stdout]     = note: this error originates in a macro (in Nightly builds, run with -Z macro-backtrace for more info)
[INFO] [stdout] 
[INFO] [stdout] 
[INFO] [stdout] error[E0308]: mismatched types
[INFO] [stdout]    --> /opt/rustwide/cargo-home/registry/src/github.com-1ecc6299db9ec823/cntr-nix-0.10.0-pre1/src/macros.rs:197:26
[INFO] [stdout]     |
[INFO] [stdout] 197 |                   $entry = libc::$entry,
[INFO] [stdout]     |                            ^^^^^^^^^^^^ expected `i32`, found `u32`
[INFO] [stdout]     | 
[INFO] [stdout]    ::: /opt/rustwide/cargo-home/registry/src/github.com-1ecc6299db9ec823/cntr-nix-0.10.0-pre1/src/sys/resource.rs:6:1
[INFO] [stdout]     |
[INFO] [stdout] 6   | / libc_enum!{
[INFO] [stdout] 7   | |     #[repr(i32)]
[INFO] [stdout] 8   | |     pub enum Resource {
[INFO] [stdout] 9   | |         RLIMIT_AS,
[INFO] [stdout] ...   |
[INFO] [stdout] 35  | |     }
[INFO] [stdout] 36  | | }
[INFO] [stdout]     | |_- in this macro invocation
[INFO] [stdout]     |
[INFO] [stdout]     = note: this error originates in a macro (in Nightly builds, run with -Z macro-backtrace for more info)
[INFO] [stdout] 
[INFO] [stdout] 
[INFO] [stdout] error: aborting due to 7 previous errors
[INFO] [stdout] 
[INFO] [stdout] 
[INFO] [stdout] For more information about this error, try `rustc --explain E0308`.
[INFO] [stdout] 
[INFO] [stderr] error: could not compile `cntr-nix`.
[INFO] [stderr] 
[INFO] [stderr] To learn more, run the command again with --verbose.
[INFO] [stderr] warning: build failed, waiting for other jobs to finish...
[INFO] [stderr] error: build failed
[INFO] running `Command { std: "docker" "inspect" "843a280e1a189ebaba4cb720dc360827347235d79762ec138690a1042f86dbbe", kill_on_drop: false }`
[INFO] running `Command { std: "docker" "rm" "-f" "843a280e1a189ebaba4cb720dc360827347235d79762ec138690a1042f86dbbe", kill_on_drop: false }`
[INFO] [stdout] 843a280e1a189ebaba4cb720dc360827347235d79762ec138690a1042f86dbbe
